{"id":6,"date":"2021-07-09T20:01:53","date_gmt":"2021-07-09T18:01:53","guid":{"rendered":"http:\/\/chauffq.cluster029.hosting.ovh.net\/index.php\/one-page-express\/"},"modified":"2022-04-08T16:14:30","modified_gmt":"2022-04-08T14:14:30","slug":"accueil","status":"publish","type":"page","link":"https:\/\/chauffageandco.fr\/","title":{"rendered":"Front Page"},"content":{"rendered":"<div  data-label=\"Mes expertises\" data-id=\"content-image-left\" data-category=\"content\" class=\"content-left-image-section content-image-left\" id=\"mes-expertises\" style=\"background-color: rgb(255, 255, 255);\"> <div  class=\"gridContainer\"> <div  class=\"row\"> <div  class=\"content-left-image-imgcol\" data-type=\"column\"> <img  src=\"https:\/\/chauffageandco.fr\/wp-content\/uploads\/2021\/07\/Francois.jpg\" class=\"\" alt=\"Fran\u00e7ois\"> <\/div> <div  class=\"content-left-image-textcol dynamic-color\" data-type=\"column\"> <h2  class=\"\">Fran\u00e7ois, 15 ans d\u2019expertise dans le domaine de la plomberie et l\u2019entretien de votre chaudi\u00e8re<\/h2> <p  class=\"large_text\"> La garantie d\u2019un interlocuteur unique et r\u00e9actif pour l\u2019entretien de votre chaudi\u00e8re et l\u2019ensemble de vos travaux de plomberie (d\u00e9bouchage, changement de robinetterie, entretien des chauffages\u2026) ?\n<br ><br >Contactez moi pour une intervention rapide sur Nantes et sa p\u00e9riph\u00e9rie.<\/p> <a class=\"button blue\" href=\"#contactez-moi\" target=\"_self\" rel=\"noopener\"> Me Contacter <\/a> <\/div> <\/div> <\/div> <\/div><div  id=\"domaines\" style=\"background-color: rgb(246, 246, 246);\" data-label=\"Domaines\" data-id=\"stripped-coloured-icon-boxes\" data-category=\"overlapable\" class=\"features-coloured-icon-boxes-section\" data-overlap=\"true\">\n<div  class=\"\">\n<div  class=\"features-coloured-icon-boxes-innerrow flexbox-list dark-text\" data-type=\"row\">\n<div  class=\"features-coloured-icon-boxes-featurecol cp3cols\">\n<div  class=\"features-coloured-icon-boxes-iconcontainer\" data-content-item-container=\"true\"> <i  data-cp-fa=\"true\" class=\"features-coloured-icon fa fa-fire\"><\/i><\/div>\n<h4  class=\"\">Entretien chaudi\u00e8re<\/h4>\n<p  class=\"\">R\u00e9alisez l\u2019entretien de votre chaudi\u00e8re en toute confiance gr\u00e2ce \u00e0 mon expertise.<\/p>\n\n<\/div>\n<div  class=\"features-coloured-icon-boxes-featurecol cp3cols\">\n<div  class=\"features-coloured-icon-boxes-iconcontainer\" data-content-item-container=\"true\"> <i  data-cp-fa=\"true\" class=\"features-coloured-icon fa fa-wrench\"><\/i><\/div>\n<h4  class=\"\">Maintenance<\/h4>\n<p  class=\"\">Garder votre \u00e9quipement m\u00e9nager en bon \u00e9tat gr\u00e2ce \u00e0 une maintenance r\u00e9guli\u00e8re et efficace.<\/p>\n\n<\/div>\n<div  class=\"features-coloured-icon-boxes-featurecol cp3cols\">\n<div  class=\"features-coloured-icon-boxes-iconcontainer\" data-content-item-container=\"true\"> <i  data-cp-fa=\"true\" class=\"features-coloured-icon fa fa-shower\"><\/i><\/div>\n<h4  class=\"\">Plomberie<\/h4>\n<p  class=\"\">Un probl\u00e8me de plomberie ? Appelez moi&nbsp;pour une intervention rapide.<\/p>\n\n<\/div>\n<\/div>\n<\/div>\n<\/div><div  data-label=\"Interventions\" data-id=\"content-image-right\" data-category=\"content\" class=\"content-right-image-section content-image-right\" id=\"interventions\" style=\"background-color: rgb(255, 255, 255);\"> <div  class=\"gridContainer\"> <div  class=\"content-right-image-gridcol\"> <div  class=\"content-right-image-textcol dynamic-color\" data-type=\"column\">  <p  class=\"large_text\"> Quelque soit la marque de votre chaudi\u00e8re ou de votre chauffe eau :<\/p>  <a href=\"https:\/\/www.atlantic.fr\" class=\"\" target=\"_blank\" rel=\"noopener\">Atlantic, <\/a><a href=\"https:\/\/www.vaillant.fr\" class=\"\" target=\"_blank\" rel=\"noopener\">Vaillant, <\/a><a href=\"https:\/\/www.frisquet.com\" class=\"\" target=\"_blank\" rel=\"noopener\">Frisquet,<\/a><a href=\"https:\/\/www.dedietrich-thermique.fr\" class=\"\" target=\"_blank\" rel=\"noopener\">De Dietrich\u2026<\/a><p  class=\"\">\n<br >Je peux intervenir pour son d\u00e9pannage ou un contrat de maintenance.<br ><br >De plus, je suis comp\u00e9tent pour r\u00e9aliser divers travaux de plomberie et remplacer les appareils hors d\u2019age ou obsol\u00e8tes.\n<br ><br >Mes interventions sont r\u00e9alis\u00e9es sur Nantes et sa p\u00e9riph\u00e9rie (Saint-Herblain, Orvault, Bouguenais, Rez\u00e9, Indre, Saint-S\u00e9bastien\u2026).\n<br ><br >Et toujours avec le sourire <img  draggable=\"false\" role=\"img\" class=\"emoji\" alt=\"\ud83d\ude00\" src=\"https:\/\/s.w.org\/images\/core\/emoji\/13.0.1\/svg\/1f600.svg\"><\/p><\/div> <div  class=\"content-right-image-imgcol\" data-type=\"column\"> <img  src=\"https:\/\/chauffageandco.fr\/wp-content\/uploads\/2021\/07\/Pression.jpg\" class=\"\" alt=\"Pression\"> <\/div> <\/div> <\/div> <\/div><div  data-label=\"Contactez moi\" data-id=\"contact-section\" data-category=\"contact\" data-bg=\"transparent\" class=\"contact-section-formsection white-text contact-section\" id=\"contactez-moi\"> <div  class=\"\"> <div  class=\"row_224\"> <div  class=\"contact-textrow\"> <div  class=\"contact-textcol dynamic-color\"> <h2  class=\"\">Comment puis-je me rendre utile ?<\/h2> <p  class=\"white_text\">Envoyez moi un message au travers du formulaire ou par email \u00e0 chauffageandco@outlook.fr\n<br ><br >Pour toute demande urgente, n\u2019h\u00e9sitez pas \u00e0 m\u2019appeler au 06 68 33 49 50<\/p> <\/div> <\/div> <\/div> <div  class=\"contact-formcol\" data-content-shortcode=\"one_page_express_contact_form shortcode=&quot;contact-form-7 id=&amp;amp;quot;5&amp;amp;quot; title=&amp;amp;quot;Formulaire de contact 1&amp;amp;quot;&quot;\" data-editable=\"true\"><div role=\"form\" class=\"wpcf7\" id=\"wpcf7-f5-o1\" lang=\"fr-FR\" dir=\"ltr\">\n<div class=\"screen-reader-response\"><p role=\"status\" aria-live=\"polite\" aria-atomic=\"true\"><\/p> <ul><\/ul><\/div>\n<form action=\"\/index.php\/wp-json\/wp\/v2\/pages\/6#wpcf7-f5-o1\" method=\"post\" class=\"wpcf7-form init\" novalidate=\"novalidate\" data-status=\"init\">\n<div style=\"display: none;\">\n<input type=\"hidden\" name=\"_wpcf7\" value=\"5\" \/>\n<input type=\"hidden\" name=\"_wpcf7_version\" value=\"5.4.1\" \/>\n<input type=\"hidden\" name=\"_wpcf7_locale\" value=\"fr_FR\" \/>\n<input type=\"hidden\" name=\"_wpcf7_unit_tag\" value=\"wpcf7-f5-o1\" \/>\n<input type=\"hidden\" name=\"_wpcf7_container_post\" value=\"0\" \/>\n<input type=\"hidden\" name=\"_wpcf7_posted_data_hash\" value=\"\" \/>\n<\/div>\n<p><label> Votre nom<br \/>\n    <span class=\"wpcf7-form-control-wrap your-name\"><input type=\"text\" name=\"your-name\" value=\"\" size=\"40\" class=\"wpcf7-form-control wpcf7-text wpcf7-validates-as-required\" aria-required=\"true\" aria-invalid=\"false\" \/><\/span> <\/label><\/p>\n<p><label> Votre e-mail<br \/>\n    <span class=\"wpcf7-form-control-wrap your-email\"><input type=\"email\" name=\"your-email\" value=\"\" size=\"40\" class=\"wpcf7-form-control wpcf7-text wpcf7-email wpcf7-validates-as-required wpcf7-validates-as-email\" aria-required=\"true\" aria-invalid=\"false\" \/><\/span> <\/label><\/p>\n<p><label> Votre num\u00e9ro de t\u00e9l\u00e9phone<br \/>\n    <span class=\"wpcf7-form-control-wrap your-tel\"><input type=\"tel\" name=\"your-tel\" value=\"\" size=\"40\" class=\"wpcf7-form-control wpcf7-text wpcf7-tel wpcf7-validates-as-required wpcf7-validates-as-tel\" aria-required=\"true\" aria-invalid=\"false\" \/><\/span> <\/label><\/p>\n<p><label> Type d'intervention<br \/>\n    <span class=\"wpcf7-form-control-wrap your-subject\"><input type=\"text\" name=\"your-subject\" value=\"\" size=\"40\" class=\"wpcf7-form-control wpcf7-text wpcf7-validates-as-required\" aria-required=\"true\" aria-invalid=\"false\" \/><\/span> <\/label><\/p>\n<p><label> Date d'intervention souhait\u00e9e (facultatif)<br \/>\n    <span class=\"wpcf7-form-control-wrap your-date\"><input type=\"date\" name=\"your-date\" value=\"\" class=\"wpcf7-form-control wpcf7-date wpcf7-validates-as-date\" aria-invalid=\"false\" \/><\/span> <\/label><\/p>\n<p><label> Message (facultatif)<br \/>\n    <span class=\"wpcf7-form-control-wrap your-message\"><textarea name=\"your-message\" cols=\"40\" rows=\"10\" class=\"wpcf7-form-control wpcf7-textarea\" aria-invalid=\"false\"><\/textarea><\/span> <\/label><\/p>\n<p><input type=\"submit\" value=\"Envoyer\" class=\"wpcf7-form-control wpcf7-submit\" \/><\/p>\n<div class=\"wpcf7-response-output\" aria-hidden=\"true\"><\/div><\/form><\/div><\/div> <\/div><\/div>","protected":false},"excerpt":{"rendered":"<p>Fran\u00e7ois, 15 ans d\u2019expertise dans le domaine de la plomberie et l\u2019entretien de votre chaudi\u00e8re La garantie d\u2019un interlocuteur unique et r\u00e9actif pour l\u2019entretien de votre chaudi\u00e8re et l\u2019ensemble de vos travaux de plomberie (d\u00e9bouchage, changement de robinetterie, entretien des chauffages\u2026) ? Contactez moi pour une intervention rapide sur Nantes et sa p\u00e9riph\u00e9rie. Me Contacter&hellip; <br \/> <a class=\"button small blue\" href=\"https:\/\/chauffageandco.fr\/index.php\/2021\/06\/30\/bonjour-tout-le-monde\/\">Lire la suite<\/a><\/p>\n","protected":false},"author":1,"featured_media":0,"parent":0,"menu_order":0,"comment_status":"closed","ping_status":"closed","template":"","meta":[],"yoast_head":"<!-- This site is optimized with the Yoast SEO plugin v16.6.1 - https:\/\/yoast.com\/wordpress\/plugins\/seo\/ -->\n<title>Chauffage And Co - Plombier Chauffagiste sur Nantes et sa p\u00e9riph\u00e9rie<\/title>\n<meta name=\"description\" content=\"Besoin de faire entretenir votre chaudi\u00e8re ou pour tout probl\u00e8me de plomberie ? Prenez rendez-vous pour une intervention rapide.\" \/>\n<meta name=\"robots\" content=\"index, follow, max-snippet:-1, max-image-preview:large, max-video-preview:-1\" \/>\n<link rel=\"canonical\" href=\"https:\/\/chauffageandco.fr\/\" \/>\n<meta property=\"og:locale\" content=\"fr_FR\" \/>\n<meta property=\"og:type\" content=\"article\" \/>\n<meta property=\"og:title\" content=\"Chauffage And Co - Plombier Chauffagiste sur Nantes et sa p\u00e9riph\u00e9rie\" \/>\n<meta property=\"og:description\" content=\"Besoin de faire entretenir votre chaudi\u00e8re ou pour tout probl\u00e8me de plomberie ? Prenez rendez-vous pour une intervention rapide.\" \/>\n<meta property=\"og:url\" content=\"https:\/\/chauffageandco.fr\/\" \/>\n<meta property=\"og:site_name\" content=\"Chauffage And Co\" \/>\n<meta property=\"article:modified_time\" content=\"2022-04-08T14:14:30+00:00\" \/>\n<meta property=\"og:image\" content=\"https:\/\/chauffageandco.fr\/wp-content\/uploads\/2021\/07\/Francois.jpg\" \/>\n<meta name=\"twitter:card\" content=\"summary_large_image\" \/>\n<meta name=\"twitter:label1\" content=\"Dur\u00e9e de lecture est.\" \/>\n\t<meta name=\"twitter:data1\" content=\"2 minutes\" \/>\n<script type=\"application\/ld+json\" class=\"yoast-schema-graph\">{\"@context\":\"https:\/\/schema.org\",\"@graph\":[{\"@type\":\"WebSite\",\"@id\":\"https:\/\/chauffageandco.fr\/#website\",\"url\":\"https:\/\/chauffageandco.fr\/\",\"name\":\"Chauffage And Co\",\"description\":\"Maintenance chaudi\\u00e8res \\u00e0 gaz sur Nantes et sa p\\u00e9riph\\u00e9rie\",\"potentialAction\":[{\"@type\":\"SearchAction\",\"target\":{\"@type\":\"EntryPoint\",\"urlTemplate\":\"https:\/\/chauffageandco.fr\/?s={search_term_string}\"},\"query-input\":\"required name=search_term_string\"}],\"inLanguage\":\"fr-FR\"},{\"@type\":\"ImageObject\",\"@id\":\"https:\/\/chauffageandco.fr\/#primaryimage\",\"inLanguage\":\"fr-FR\",\"url\":\"https:\/\/chauffageandco.fr\/wp-content\/uploads\/2021\/07\/Francois.jpg\",\"contentUrl\":\"https:\/\/chauffageandco.fr\/wp-content\/uploads\/2021\/07\/Francois.jpg\",\"width\":768,\"height\":693,\"caption\":\"Fran\\u00e7ois\"},{\"@type\":\"WebPage\",\"@id\":\"https:\/\/chauffageandco.fr\/#webpage\",\"url\":\"https:\/\/chauffageandco.fr\/\",\"name\":\"Chauffage And Co - Plombier Chauffagiste sur Nantes et sa p\\u00e9riph\\u00e9rie\",\"isPartOf\":{\"@id\":\"https:\/\/chauffageandco.fr\/#website\"},\"primaryImageOfPage\":{\"@id\":\"https:\/\/chauffageandco.fr\/#primaryimage\"},\"datePublished\":\"2021-07-09T18:01:53+00:00\",\"dateModified\":\"2022-04-08T14:14:30+00:00\",\"description\":\"Besoin de faire entretenir votre chaudi\\u00e8re ou pour tout probl\\u00e8me de plomberie ? Prenez rendez-vous pour une intervention rapide.\",\"breadcrumb\":{\"@id\":\"https:\/\/chauffageandco.fr\/#breadcrumb\"},\"inLanguage\":\"fr-FR\",\"potentialAction\":[{\"@type\":\"ReadAction\",\"target\":[\"https:\/\/chauffageandco.fr\/\"]}]},{\"@type\":\"BreadcrumbList\",\"@id\":\"https:\/\/chauffageandco.fr\/#breadcrumb\",\"itemListElement\":[{\"@type\":\"ListItem\",\"position\":1,\"name\":\"Accueil\",\"item\":\"https:\/\/chauffageandco.fr\/\"},{\"@type\":\"ListItem\",\"position\":2,\"name\":\"Front Page\"}]}]}<\/script>\n<!-- \/ Yoast SEO plugin. -->","_links":{"self":[{"href":"https:\/\/chauffageandco.fr\/index.php\/wp-json\/wp\/v2\/pages\/6"}],"collection":[{"href":"https:\/\/chauffageandco.fr\/index.php\/wp-json\/wp\/v2\/pages"}],"about":[{"href":"https:\/\/chauffageandco.fr\/index.php\/wp-json\/wp\/v2\/types\/page"}],"author":[{"embeddable":true,"href":"https:\/\/chauffageandco.fr\/index.php\/wp-json\/wp\/v2\/users\/1"}],"replies":[{"embeddable":true,"href":"https:\/\/chauffageandco.fr\/index.php\/wp-json\/wp\/v2\/comments?post=6"}],"version-history":[{"count":47,"href":"https:\/\/chauffageandco.fr\/index.php\/wp-json\/wp\/v2\/pages\/6\/revisions"}],"predecessor-version":[{"id":128,"href":"https:\/\/chauffageandco.fr\/index.php\/wp-json\/wp\/v2\/pages\/6\/revisions\/128"}],"wp:attachment":[{"href":"https:\/\/chauffageandco.fr\/index.php\/wp-json\/wp\/v2\/media?parent=6"}],"curies":[{"name":"wp","href":"https:\/\/api.w.org\/{rel}","templated":true}]}}